e prime factors of t(k).
2
Let g(r) = 4*r + 13. Suppose 6*i = 4*i + 36. List the prime factors of g(i).
5, 17
Suppose -5*j - 58*s + 20670 = -63*s, j = 5*s + 4118. List the prime factors of j.
2, 2069
Suppose b - 4*b = 6. Let a be (2/b)/((-1)/205). Suppose a + 27 = 4*c. What are the prime factors of c?
2, 29
Let f(x) = -3*x**2 + 2*x - 2. Let l be f(1). List the prime factors of (l/1)/(0 + (-3)/81).
3
Suppose 20*a - 18*a - 2*k = 1114, 0 = 4*a + 2*k - 2204. What are the prime factors of a?
7, 79
Let f(p) = -10 - 2*p**2 + 3*p**2 + 3*p + 2*p. List the prime factors of f(-8).
2, 7
Let h = -47 + 15. Let m = -14 - h. List the prime factors of m.
2, 3
What are the prime factors of (-129)/3*13/(-1)?
13, 43
Let j(y) = -18*y - 3*y**2 + 2*y**2 - 1263 + 1250. Let h = -11 + -3. What are the prime factors of j(h)?
43
Suppose -3*h + 29 = -0*h + 2*z, -47 = -5*h - 2*z. What are the prime factors of ((-1)/(-2))/(h/1566)?
3, 29
Let t be 2 + -4 + 4 - -1. Suppose t*h = 6*h. Suppose h = 2*x - 4*x + 24. What are the prime factors of x?
2, 3
Suppose -2*w + 383 = -919. Suppose 8*j = j + w. List the prime factors of j.
3, 31
Let o = 2 + 0. Let a be -1 - -2 - 1 - -4. Suppose 3*d + 64 = 4*l - o*d, 5*l + a*d = 39. What are the prime factors of l?
11
Let z = 2 + 5. Suppose 4*x - 28 = -x - 4*u, 5*u + 31 = 2*x. Suppose -x = -z*r + 6*r. List the prime factors of r.
2
Let a(q) = -28*q - 41. Suppose -5*n - 3*l = -2*l + 57, 3*n + 37 = -2*l. List the prime factors of a(n).
3, 89
Let f(j) = j - 7. Let d = -6 + 11. Let z be f(d). Let x(h) = -4*h**3 - h**2 + 2*h + 1. What are the prime factors of x(z)?
5
Let k be (-340)/(-25) - (-2)/5. What are the prime factors of (-2)/k - 106/(-7)?
3, 5
Let f(l) = -38*l - 509. What are the prime factors of f(-15)?
61
Suppose -6*n + 4*n + 1144 = -2*j, 2*j = -5*n + 2895. Suppose 0 = 7*c - n - 816. What are the prime factors of c?
199
Suppose g - 6*g = -695. What are the prime factors of g?
139
Suppose 0*o - 6 = -4*i + 3*o, -8 = -i + 4*o. Suppose z = -i*a + 2*a - 286, -715 = -5*a + z. List the prime factors of a.
11, 13
Let i(j) = -j**3 + 8*j**2 - 9*j + 2. Let z be i(4). List the prime factors of (-2073)/(-15) + (-6)/z.
2, 3, 23
Let s(y) = -11*y**2 + y. Let k(u) = -u**2 + u - 1. Let m(x) = 2*k(x) - s(x). Let b be m(1). List the prime factors of b + -6 - (-9 + 1).
2, 5
Let h(v) = 6*v**2 - 3*v - 15. Let w be h(7). Suppose 4*j = l + 84 - w, 0 = -l + j + 174. What are the prime factors of l?
2, 3, 29
Let z = 1013 - 379. List the prime factors of ((-60)/(-25))/(2 - z/320).
2
Let r(v) = 203*v - 31. List the prime factors of r(7).
2, 5, 139
Suppose -5 = -3*a - 4*m + 14, 5*a - 5*m + 15 = 0. Let t = 14 + -26. Let v = a - t. What are the prime factors of v?
13
Let u = -6 + 10. Suppose 0 = -y - 15*y - 480. List the prime factors of -4 - (y - u/(-4)).
5
Let k(u) = -35*u + 102. What are the prime factors of k(-5)?
277
Let s = 6051 + -3807. What are the prime factors of s?
2, 3, 11, 17
Suppose -3043 = -3*j - 0*j - 5*m, -2*m - 2018 = -2*j. List the prime factors of j.
3, 337
Let p = -1 + 4. Let n(z) = -2*z**3 + 8*z**2 + 6*z**3 - 1 + 9*z - 6*z**3 + 3*z**p. What are the prime factors of n(-5)?
29
Let a = -2278 - -5860. What are the prime factors of a?
2, 3, 199
Let l(q) = -q**2 - 35*q + 33. Let t be l(-24). Suppose -4*y - 5*u = -y - t, -y = -4*u - 99. What are the prime factors of y?
3, 11
Suppose 0*a - 13*a + 26 = 0. Suppose 5*r = -a*u + 402, 5*r + 0 = 20. What are the prime factors of u?
191
Suppose -5*q + 3826 + 4684 = 0. List the prime factors of q.
2, 23, 37
Suppose s = 6*l + 2*s - 6395, 0 = l - 5*s - 1071. What are the prime factors of l?
2, 13, 41
Suppose 0 = 8*h - 6*h - 268. List the prime factors of h*4/8 + 2.
3, 23
Let u = -133 + 228. Let l = 167 - u. Suppose l + 52 = 4*a. List the prime factors of a.
31
Suppose -3*v + 44 = 4*y, y + 6*v - v = -6. Let g = y - 9. Suppose g*m + 40 = 6*m. What are the prime factors of m?
2, 5
Suppose 2*n - 4*p + 0*p = 22, -5*n + p = -28. Suppose 0 = -0*o + o + n*a - 47, -o + 63 = a. List the prime factors of o.
67
Let s(z) = 0 - 33*z**3 + 21 + 0*z**2 - 5*z - 4*z**2 - 4*z**2. Let t(x) = 8*x**3 + 2*x**2 + x - 5. Let k(l) = 2*s(l) + 9*t(l). List the prime factors of k(2).
3, 17
Let y(i) = -i**3 - 2*i**2 - 5*i - 5. Let z be y(-2). Suppose -z*w + 12 = -3. List the prime factors of 0 + (-36)/(w - 6).
2, 3
What are the prime factors of 14/(-2) - (29 + -6268)?
2, 19, 41
List the prime factors of (7/(-1) - -64)*298/6.
19, 149
Let c be (28/(-4))/((-1)/(-36)). What are the prime factors of (c/(-2))/1 - (-26)/(-13)?
2, 31
Let h(k) = -k - 3. Let i be h(4). Let q be 1/(((-21)/54)/i). Suppose 4*y + 3*m = 53 + 12, 0 = y - m - q. List the prime factors of y.
17
Let c be 5 + (2 - -4)/(-3). Suppose x - c*x + 5*l = -19, 3*l = -9. Suppose -2*i + 40 = x*i. What are the prime factors of i?
2, 5
Suppose -14*z + 10*z = 2*i - 4290, z = -i + 2149. What are the prime factors of i?
2153
Let a be (-171)/(-18)*-1*2. Let i = a + 17. Let d = 6 - i. List the prime factors of d.
2
Suppose -12*s + 2718 = -7758. What are the prime factors of s?
3, 97
Let a(i) = 5*i + i**2 - 4 - 3 + 3 - 1. Let q be a(-7). Suppose 10*f - q*f - 46 = 0. What are the prime factors of f?
2, 23
Let h = 48 - 80. Let m = 36 + h. Suppose -m*g - 5*a = -35, -5*a + 9 = -2*a. List the prime factors of g.
5
Suppose -3*g + 7 = -4*t - 2, 0 = -g + 4*t + 11. Let h(w) be the first derivative of 5*w**3/3 - w**2/2 + 3. List the prime factors of h(g).
2, 3
Let z(t) be the second derivative of t**4/12 + 7*t**3/6 + 5*t**2/2 + t. Suppose -5 = 3*d - 2*d, 4*d + 13 = r. List the prime factors of z(r).
5
Let b(g) = -g**2 - 48*g + 25. List the prime factors of b(-42).
277
Let v(t) = -7*t + 4. Let l be v(-4). Suppose -5*h - l = -3*o, -h = 2*o - 4 - 0. Suppose o*k - 78 = 2*u, 4*u + 33 = -5*k + 150. List the prime factors of k.
3, 7
Suppose -5*k + 17468 = x, 3*k = -4*x + 13073 - 2599. List the prime factors of k.
2, 1747
Let r(x) be the third derivative of x**5/30 + x**4/3 + x**3/2 - 5*x**2. Suppose 4*w + 16 = -0*w, 2*w = -2*s - 18. What are the prime factors of r(s)?
13
Let b(l) = 7*l**2 - 6*l - 36. What are the prime factors of b(7)?
5, 53
Suppose 22701 = 31*b + 3171. List the prime factors of b.
2, 3, 5, 7
Let l(u) = 3*u**3 - 7*u**2 + u - 14. Let o be -13 + 19 + (-1)/1. List the prime factors of l(o).
191
List the prime factors of (2 - 56529/(-27)) + 2/6.
2, 131
Suppose -7*f = -2*f - 715. Let i = f - 30. List the prime factors of i.
113
Let o(k) be the first derivative of 3*k**4/4 - 2*k**3 + k**2 - 7*k + 25. List the prime factors of o(4).
97
Suppose 0 = -2*u - u. Let h = -78 + 83. Suppose u = 3*a - 3*t - 21, 0 = -a - 0*a + h*t + 27. List the prime factors of a.
2
Suppose -2*y - 2*x + 2 = 0, 0 = 3*y + 2*y + 4*x. Suppose 0*q - q = -12. Let z = q - y. What are the prime factors of z?
2
Let f(q) = 4 + 2*q + 26 - 59 - 46*q. List the prime factors of f(-6).
5, 47
Let a(t) = -t**3 + 11*t**2 - 13*t + 2. Let i(o) = 3*o - 16. Let y be i(8). List the prime factors of a(y).
2, 3, 5
Let n(k) = k**3 - k**2 - k + 1. Let i(y) = 2*y**3 - y**2 - 7*y + 3. Let r(a) = i(a) - n(a). Let q = 46 + -42. List the prime factors of r(q).
2, 3, 7
Let r be (28/10)/(4/100). Suppose q = -11 + 17. Suppose -q*g + r = -g. What are the prime factors of g?
2, 7
Let s(t) = t**2 + 1. Let c(r) = 2*r**2 + r + 4. Let y(m) = c(m) - 5*s(m). Let o be y(1). Let v(p) = -p**3 + 2*p**2 + 2*p - 4. List the prime factors of v(o).
5, 7
Let o(w) = 0 - w**3 + 4*w**2 + 2 - 4 + 5*w. Let q be o(5). What are the prime factors of -4 + 74/(-4)*q?
3, 11
Let c be (-11 + -1)*(-27)/(-36). Let j be (c + 10)/((-1)/(-5)). What are the prime factors of (-1)/j + 151/5?
2, 3, 5
Let j(q) = -59*q + 4. Let f be j(-8). Let a be (-4)/14 + f/(-49). What are the prime factors of (-7 + a/(-5))*-1?
5
Let w(n) = n**3 + n**2 + 10*n - 16. What are the prime factors of w(5)?
2, 23
Let b = -7 + 9. Suppose -5*g + 81 = -b*g. Let y = -7 + g. List the prime factors of y.
2, 5
Let t(b) be the first derivative of -b**4/2 + 16*b**3/3 - 7*b**2/2 - 5*b - 6. What are the prime factors of t(7)?
2, 11
Suppose 2*a = i + 56 - 303, 242 = i + 3*a. List the prime factors of -1 + (i - 2 - 3).
239
Let z(a) = -a**3 + 5*a**2 + a. Let c(w) = -w**2 + w + 1. Let g(m) = -2*c(m) - z(m). Let p be g(4). Suppose -p*y +